{"id":2738,"date":"2026-01-13T13:55:47","date_gmt":"2026-01-13T13:55:47","guid":{"rendered":"https:\/\/iota-society.com\/?page_id=2738"},"modified":"2026-01-13T14:03:03","modified_gmt":"2026-01-13T14:03:03","slug":"profil-iota-hercule-poirot","status":"publish","type":"page","link":"https:\/\/iota-society.com\/index.php\/profil-iota-hercule-poirot\/","title":{"rendered":"Profil IOTA &#8211; Hercule Poirot"},"content":{"rendered":"\t\t<div data-elementor-type=\"wp-page\" data-elementor-id=\"2738\" class=\"elementor elementor-2738\">\n\t\t\t\t<div class=\"elementor-element elementor-element-1c36557 e-flex e-con-boxed e-con e-parent\" data-id=\"1c36557\" data-element_type=\"container\" data-e-type=\"container\">\n\t\t\t\t\t<div class=\"e-con-inner\">\n\t\t\t\t<div class=\"elementor-element elementor-element-d54e02d elementor-widget elementor-widget-heading\" data-id=\"d54e02d\" data-element_type=\"widget\" data-e-type=\"widget\" data-widget_type=\"heading.default\">\n\t\t\t\t\t<h2 class=\"elementor-heading-title elementor-size-default\">Hercule Poirot<\/h2>\t\t\t\t<\/div>\n\t\t\t\t<div class=\"elementor-element elementor-element-2a7208f elementor-widget elementor-widget-spacer\" data-id=\"2a7208f\" data-element_type=\"widget\" data-e-type=\"widget\" data-widget_type=\"spacer.default\">\n\t\t\t\t\t\t\t<div class=\"elementor-spacer\">\n\t\t\t<div class=\"elementor-spacer-inner\"><\/div>\n\t\t<\/div>\n\t\t\t\t\t\t<\/div>\n\t\t\t\t<div class=\"elementor-element elementor-element-fd60477 elementor-widget elementor-widget-text-editor\" data-id=\"fd60477\" data-element_type=\"widget\" data-e-type=\"widget\" data-widget_type=\"text-editor.default\">\n\t\t\t\t\t\t\t\t\t<p>La c\u00e9l\u00e8bre romanci\u00e8re Agatha Christie s&rsquo;est beaucoup amus\u00e9 en cr\u00e9ant<\/p><p>\u00a0<\/p><p>\u00a0<\/p><p>ce d\u00e9tective belge nomm\u00e9 Hercule Poirot.<\/p><p>\u00a0<\/p><p>\u00a0<\/p><p>La finesse d&rsquo;esprit et la sagacit\u00e9 appartiennent \u00e0 son registre pour d\u00e9m\u00e9ler<\/p><p>\u00a0<\/p><p>\u00a0<\/p><p>des enqu\u00eates plus \u00e9pineuses les unes des autres.<\/p><p>\u00a0<\/p><p>\u00a0<\/p><p>Parmi toutes les affaires qu&rsquo;il a du \u00e9lucid\u00e9 seule deux apparaissent comme des \u00e9checs<\/p><p>\u00a0<\/p><p>\u00a0<\/p><p>La bo\u00eete de chocolats et Le couteau sur la nuque.<\/p><p>\u00a0<\/p><p>\u00a0<\/p><p>Autant dire qu&rsquo;il ne connait pas la d\u00e9faite, sous la plume de cet \u00e9crivaine<\/p><p>\u00a0<\/p><p>\u00a0<\/p><p>il berce nos nuits de fictions et d&rsquo;aventures.<\/p>\t\t\t\t\t\t\t\t<\/div>\n\t\t\t\t<div class=\"elementor-element elementor-element-7b78e02 elementor-widget elementor-widget-spacer\" data-id=\"7b78e02\" data-element_type=\"widget\" data-e-type=\"widget\" data-widget_type=\"spacer.default\">\n\t\t\t\t\t\t\t<div class=\"elementor-spacer\">\n\t\t\t<div class=\"elementor-spacer-inner\"><\/div>\n\t\t<\/div>\n\t\t\t\t\t\t<\/div>\n\t\t\t\t<div class=\"elementor-element elementor-element-e138232 elementor-widget elementor-widget-image\" data-id=\"e138232\" data-element_type=\"widget\" data-e-type=\"widget\" data-widget_type=\"image.default\">\n\t\t\t\t\t\t\t\t\t\t\t\t\t\t\t<img fetchpriority=\"high\" decoding=\"async\" width=\"1024\" height=\"1024\" src=\"https:\/\/iota-society.com\/wp-content\/uploads\/2026\/01\/H-P-N.png\" class=\"attachment-large size-large wp-image-2689\" alt=\"\" srcset=\"https:\/\/iota-society.com\/wp-content\/uploads\/2026\/01\/H-P-N.png 1024w, https:\/\/iota-society.com\/wp-content\/uploads\/2026\/01\/H-P-N-300x300.png 300w, https:\/\/iota-society.com\/wp-content\/uploads\/2026\/01\/H-P-N-150x150.png 150w, https:\/\/iota-society.com\/wp-content\/uploads\/2026\/01\/H-P-N-768x768.png 768w\" sizes=\"(max-width: 1024px) 100vw, 1024px\" \/>\t\t\t\t\t\t\t\t\t\t\t\t\t\t\t<\/div>\n\t\t\t\t\t<\/div>\n\t\t\t\t<\/div>\n\t\t\t\t<\/div>\n\t\t","protected":false},"excerpt":{"rendered":"<p>Hercule Poirot La c\u00e9l\u00e8bre romanci\u00e8re Agatha Christie s&rsquo;est beaucoup amus\u00e9 en cr\u00e9ant \u00a0 \u00a0 ce d\u00e9tective belge nomm\u00e9 Hercule Poirot. [&hellip;]<\/p>\n","protected":false},"author":1,"featured_media":0,"parent":0,"menu_order":0,"comment_status":"closed","ping_status":"closed","template":"","meta":{"site-sidebar-layout":"no-sidebar","site-content-layout":"","ast-site-content-layout":"full-width-container","site-content-style":"default","site-sidebar-style":"default","ast-global-header-display":"","ast-banner-title-visibility":"","ast-main-header-display":"","ast-hfb-above-header-display":"","ast-hfb-below-header-display":"","ast-hfb-mobile-header-display":"","site-post-title":"","ast-breadcrumbs-content":"","ast-featured-img":"disabled","footer-sml-layout":"","ast-disable-related-posts":"","theme-transparent-header-meta":"","adv-header-id-meta":"","stick-header-meta":"","header-above-stick-meta":"","header-main-stick-meta":"","header-below-stick-meta":"","astra-migrate-meta-layouts":"default","ast-page-background-enabled":"default","ast-page-background-meta":{"desktop":{"background-color":"var(--ast-global-color-5)","background-image":"","background-repeat":"repeat","background-position":"center center","background-size":"auto","background-attachment":"scroll","background-type":"","background-media":"","overlay-type":"","overlay-color":"","overlay-opacity":"","overlay-gradient":""},"tablet":{"background-color":"","background-image":"","background-repeat":"repeat","background-position":"center center","background-size":"auto","background-attachment":"scroll","background-type":"","background-media":"","overlay-type":"","overlay-color":"","overlay-opacity":"","overlay-gradient":""},"mobile":{"background-color":"","background-image":"","background-repeat":"repeat","background-position":"center center","background-size":"auto","background-attachment":"scroll","background-type":"","background-media":"","overlay-type":"","overlay-color":"","overlay-opacity":"","overlay-gradient":""}},"ast-content-background-meta":{"desktop":{"background-color":"var(--ast-global-color-4)","background-image":"","background-repeat":"repeat","background-position":"center center","background-size":"auto","background-attachment":"scroll","background-type":"","background-media":"","overlay-type":"","overlay-color":"","overlay-opacity":"","overlay-gradient":""},"tablet":{"background-color":"var(--ast-global-color-4)","background-image":"","background-repeat":"repeat","background-position":"center center","background-size":"auto","background-attachment":"scroll","background-type":"","background-media":"","overlay-type":"","overlay-color":"","overlay-opacity":"","overlay-gradient":""},"mobile":{"background-color":"var(--ast-global-color-4)","background-image":"","background-repeat":"repeat","background-position":"center center","background-size":"auto","background-attachment":"scroll","background-type":"","background-media":"","overlay-type":"","overlay-color":"","overlay-opacity":"","overlay-gradient":""}},"footnotes":""},"class_list":["post-2738","page","type-page","status-publish","hentry"],"_links":{"self":[{"href":"https:\/\/iota-society.com\/index.php\/wp-json\/wp\/v2\/pages\/2738","targetHints":{"allow":["GET"]}}],"collection":[{"href":"https:\/\/iota-society.com\/index.php\/wp-json\/wp\/v2\/pages"}],"about":[{"href":"https:\/\/iota-society.com\/index.php\/wp-json\/wp\/v2\/types\/page"}],"author":[{"embeddable":true,"href":"https:\/\/iota-society.com\/index.php\/wp-json\/wp\/v2\/users\/1"}],"replies":[{"embeddable":true,"href":"https:\/\/iota-society.com\/index.php\/wp-json\/wp\/v2\/comments?post=2738"}],"version-history":[{"count":4,"href":"https:\/\/iota-society.com\/index.php\/wp-json\/wp\/v2\/pages\/2738\/revisions"}],"predecessor-version":[{"id":2742,"href":"https:\/\/iota-society.com\/index.php\/wp-json\/wp\/v2\/pages\/2738\/revisions\/2742"}],"wp:attachment":[{"href":"https:\/\/iota-society.com\/index.php\/wp-json\/wp\/v2\/media?parent=2738"}],"curies":[{"name":"wp","href":"https:\/\/api.w.org\/{rel}","templated":true}]}}