{"id":1477,"date":"2026-01-02T10:31:07","date_gmt":"2026-01-02T10:31:07","guid":{"rendered":"https:\/\/iota-society.com\/?page_id=1477"},"modified":"2026-02-06T10:13:27","modified_gmt":"2026-02-06T10:13:27","slug":"methodologie-et-conditions","status":"publish","type":"page","link":"https:\/\/iota-society.com\/index.php\/methodologie-et-conditions\/","title":{"rendered":"M\u00e9thodologie et Conditions"},"content":{"rendered":"\t\t<div data-elementor-type=\"wp-page\" data-elementor-id=\"1477\" class=\"elementor elementor-1477\">\n\t\t\t\t<div class=\"elementor-element elementor-element-df23e51 e-flex e-con-boxed e-con e-parent\" data-id=\"df23e51\" data-element_type=\"container\" data-e-type=\"container\">\n\t\t\t\t\t<div class=\"e-con-inner\">\n\t\t\t\t<div class=\"elementor-element elementor-element-cbb2043 elementor-widget elementor-widget-text-editor\" data-id=\"cbb2043\" data-element_type=\"widget\" data-e-type=\"widget\" data-widget_type=\"text-editor.default\">\n\t\t\t\t\t\t\t\t\t<h3 data-start=\"636\" data-end=\"662\">\u00a01. Finalit\u00e9 du test<\/h3><blockquote data-start=\"663\" data-end=\"878\"><p data-start=\"665\" data-end=\"878\">Le test IOTA Society est un outil d\u2019\u00e9valuation cognitive exploratoire.<\/p><p data-start=\"665\" data-end=\"878\">\u00a0<\/p><p data-start=\"665\" data-end=\"878\">\u00a0<\/p><p data-start=\"665\" data-end=\"878\">Il vise \u00e0 fournir une estimation du raisonnement et des capacit\u00e9s de<\/p><p data-start=\"665\" data-end=\"878\">\u00a0<\/p><p data-start=\"665\" data-end=\"878\">\u00a0<\/p><p data-start=\"665\" data-end=\"878\">traitement de l\u2019information, \u00e0 des fins personnelles et informatives.<\/p><\/blockquote><hr data-start=\"880\" data-end=\"883\" \/><h3 data-start=\"885\" data-end=\"915\">2. Construction du test<\/h3><blockquote data-start=\"916\" data-end=\"1081\"><p data-start=\"918\" data-end=\"1081\">Le test est compos\u00e9 de 10 sous-tests comprenant<\/p><p data-start=\"918\" data-end=\"1081\">\u00a0<\/p><p data-start=\"918\" data-end=\"1081\">\u00a0<\/p><p data-start=\"918\" data-end=\"1081\">chacun 10 items, pour un total de 100 questions.<\/p><p data-start=\"918\" data-end=\"1081\">\u00a0<\/p><p data-start=\"918\" data-end=\"1081\">\u00a0<\/p><p data-start=\"918\" data-end=\"1081\">Chaque item admet une seule r\u00e9ponse correcte et vaut un point.<\/p><\/blockquote><hr data-start=\"1083\" data-end=\"1086\" \/><h3 data-start=\"1088\" data-end=\"1121\">3. Conditions de passation<\/h3><blockquote data-start=\"1122\" data-end=\"1297\"><p data-start=\"1124\" data-end=\"1297\">Le test doit \u00eatre r\u00e9alis\u00e9 en une seule session,<\/p><p data-start=\"1124\" data-end=\"1297\">\u00a0<\/p><p data-start=\"1124\" data-end=\"1297\">\u00a0<\/p><p data-start=\"1124\" data-end=\"1297\">dans un environnement calme, sans aide ext\u00e9rieure.<\/p><p data-start=\"1124\" data-end=\"1297\">\u00a0<\/p><p data-start=\"1124\" data-end=\"1297\">\u00a0<\/p><p data-start=\"1124\" data-end=\"1297\"><br data-start=\"1222\" data-end=\"1225\" \/>Toute interruption ou assistance peut alt\u00e9rer la validit\u00e9 du r\u00e9sultat.<\/p><\/blockquote><hr data-start=\"1299\" data-end=\"1302\" \/><h3 data-start=\"1304\" data-end=\"1330\">4. Conditions d\u2019\u00e2ge<\/h3><blockquote data-start=\"1331\" data-end=\"1524\"><p data-start=\"1333\" data-end=\"1524\">Le test est r\u00e9serv\u00e9 aux personnes \u00e2g\u00e9es de <strong data-start=\"1376\" data-end=\"1394\">16 ans et plus<\/strong>.<\/p><p data-start=\"1333\" data-end=\"1524\">\u00a0<\/p><p data-start=\"1333\" data-end=\"1524\">\u00a0<\/p><p data-start=\"1333\" data-end=\"1524\"><br data-start=\"1395\" data-end=\"1398\" \/>En-dessous de cet \u00e2ge, le d\u00e9veloppement cognitif \u00e9tant en cours,<\/p><p data-start=\"1333\" data-end=\"1524\">\u00a0<\/p><p data-start=\"1333\" data-end=\"1524\">\u00a0<\/p><p data-start=\"1333\" data-end=\"1524\">les r\u00e9sultats ne sont pas interpr\u00e9tables de mani\u00e8re fiable.<\/p><\/blockquote><hr data-start=\"1526\" data-end=\"1529\" \/><h3 data-start=\"1531\" data-end=\"1569\">\u00a05. Interpr\u00e9tation des r\u00e9sultats<\/h3><blockquote data-start=\"1570\" data-end=\"1806\"><p data-start=\"1572\" data-end=\"1806\">Le score obtenu est ajust\u00e9 en fonction<\/p><p data-start=\"1572\" data-end=\"1806\">\u00a0<\/p><p data-start=\"1572\" data-end=\"1806\">\u00a0<\/p><p data-start=\"1572\" data-end=\"1806\">de la tranche d\u2019\u00e2ge de la personne test\u00e9e.<\/p><p data-start=\"1572\" data-end=\"1806\">\u00a0<\/p><p data-start=\"1572\" data-end=\"1806\">\u00a0<\/p><p data-start=\"1572\" data-end=\"1806\">Les r\u00e9sultats sont exprim\u00e9s sous forme de score standardis\u00e9<\/p><p data-start=\"1572\" data-end=\"1806\">\u00a0<\/p><p data-start=\"1572\" data-end=\"1806\">\u00a0<\/p><p data-start=\"1572\" data-end=\"1806\">et de percentile, permettant une comparaison statistique<\/p><p data-start=\"1572\" data-end=\"1806\">\u00a0<\/p><p data-start=\"1572\" data-end=\"1806\">\u00a0<\/p><p data-start=\"1572\" data-end=\"1806\">au sein d\u2019un m\u00eame groupe d\u2019\u00e2ge.<\/p><\/blockquote><hr data-start=\"1808\" data-end=\"1811\" \/><h3 data-start=\"1813\" data-end=\"1845\">\u00a06. Limites et pr\u00e9cautions<\/h3><blockquote data-start=\"1846\" data-end=\"2021\"><p data-start=\"1848\" data-end=\"2021\">Le test IOTA Society ne constitue pas un outil de diagnostic m\u00e9dical<\/p><p data-start=\"1848\" data-end=\"2021\">\u00a0<\/p><p data-start=\"1848\" data-end=\"2021\">\u00a0<\/p><p data-start=\"1848\" data-end=\"2021\">ou psychologique.<\/p><p data-start=\"1848\" data-end=\"2021\">\u00a0<\/p><p data-start=\"1848\" data-end=\"2021\">\u00a0<\/p><p data-start=\"1848\" data-end=\"2021\"><br data-start=\"1934\" data-end=\"1937\" \/>Il ne remplace en aucun cas une \u00e9valuation r\u00e9alis\u00e9e<\/p><p data-start=\"1848\" data-end=\"2021\">\u00a0<\/p><p data-start=\"1848\" data-end=\"2021\">\u00a0<\/p><p data-start=\"1848\" data-end=\"2021\">par un professionnel qualifi\u00e9.<\/p><p data-start=\"1848\" data-end=\"2021\">\u00a0<\/p><\/blockquote><hr data-start=\"2023\" data-end=\"2026\" \/><h3 data-start=\"2028\" data-end=\"2064\">7. Donn\u00e9es et confidentialit\u00e9<\/h3><blockquote data-start=\"2065\" data-end=\"2251\"><p data-start=\"2067\" data-end=\"2251\">Les donn\u00e9es collect\u00e9es sont utilis\u00e9es exclusivement<\/p><p data-start=\"2067\" data-end=\"2251\">\u00a0<\/p><p data-start=\"2067\" data-end=\"2251\">\u00a0<\/p><p data-start=\"2067\" data-end=\"2251\">\u00e0 des fins statistiques et d\u2019am\u00e9lioration du test.<\/p><p data-start=\"2067\" data-end=\"2251\">\u00a0<\/p><p data-start=\"2067\" data-end=\"2251\">\u00a0<\/p><p data-start=\"2067\" data-end=\"2251\">Aucune donn\u00e9e personnelle nominative<\/p><p data-start=\"2067\" data-end=\"2251\">\u00a0<\/p><p data-start=\"2067\" data-end=\"2251\">\u00a0<\/p><p data-start=\"2067\" data-end=\"2251\">n\u2019est exploit\u00e9e \u00e0 des fins commerciales.<\/p><\/blockquote>\t\t\t\t\t\t\t\t<\/div>\n\t\t\t\t<div class=\"elementor-element elementor-element-9523be4 elementor-widget elementor-widget-image\" data-id=\"9523be4\" data-element_type=\"widget\" data-e-type=\"widget\" data-widget_type=\"image.default\">\n\t\t\t\t\t\t\t\t\t\t\t\t\t\t\t<img fetchpriority=\"high\" decoding=\"async\" width=\"1024\" height=\"683\" src=\"https:\/\/iota-society.com\/wp-content\/uploads\/2026\/01\/Methodologie-et-conditions-1024x683.png\" class=\"attachment-large size-large wp-image-1502\" alt=\"\" srcset=\"https:\/\/iota-society.com\/wp-content\/uploads\/2026\/01\/Methodologie-et-conditions-1024x683.png 1024w, https:\/\/iota-society.com\/wp-content\/uploads\/2026\/01\/Methodologie-et-conditions-300x200.png 300w, https:\/\/iota-society.com\/wp-content\/uploads\/2026\/01\/Methodologie-et-conditions-768x512.png 768w, https:\/\/iota-society.com\/wp-content\/uploads\/2026\/01\/Methodologie-et-conditions.png 1536w\" sizes=\"(max-width: 1024px) 100vw, 1024px\" \/>\t\t\t\t\t\t\t\t\t\t\t\t\t\t\t<\/div>\n\t\t\t\t\t<\/div>\n\t\t\t\t<\/div>\n\t\t<div class=\"elementor-element elementor-element-cddba1a e-flex e-con-boxed e-con e-parent\" data-id=\"cddba1a\" data-element_type=\"container\" data-e-type=\"container\">\n\t\t\t\t\t<div class=\"e-con-inner\">\n\t\t\t\t<div class=\"elementor-element elementor-element-c223c86 elementor-widget elementor-widget-heading\" data-id=\"c223c86\" data-element_type=\"widget\" data-e-type=\"widget\" data-widget_type=\"heading.default\">\n\t\t\t\t\t<h2 class=\"elementor-heading-title elementor-size-default\">Henri Poincar\u00e9 ( 1854 - 1912 ) <\/h2>\t\t\t\t<\/div>\n\t\t\t\t\t<\/div>\n\t\t\t\t<\/div>\n\t\t\t\t<\/div>\n\t\t","protected":false},"excerpt":{"rendered":"<p>\u00a01. Finalit\u00e9 du test Le test IOTA Society est un outil d\u2019\u00e9valuation cognitive exploratoire. \u00a0 \u00a0 Il vise \u00e0 fournir [&hellip;]<\/p>\n","protected":false},"author":1,"featured_media":0,"parent":0,"menu_order":0,"comment_status":"closed","ping_status":"closed","template":"","meta":{"site-sidebar-layout":"no-sidebar","site-content-layout":"","ast-site-content-layout":"full-width-container","site-content-style":"default","site-sidebar-style":"default","ast-global-header-display":"","ast-banner-title-visibility":"","ast-main-header-display":"","ast-hfb-above-header-display":"","ast-hfb-below-header-display":"","ast-hfb-mobile-header-display":"","site-post-title":"","ast-breadcrumbs-content":"","ast-featured-img":"disabled","footer-sml-layout":"","ast-disable-related-posts":"","theme-transparent-header-meta":"","adv-header-id-meta":"","stick-header-meta":"","header-above-stick-meta":"","header-main-stick-meta":"","header-below-stick-meta":"","astra-migrate-meta-layouts":"default","ast-page-background-enabled":"default","ast-page-background-meta":{"desktop":{"background-color":"var(--ast-global-color-5)","background-image":"","background-repeat":"repeat","background-position":"center center","background-size":"auto","background-attachment":"scroll","background-type":"","background-media":"","overlay-type":"","overlay-color":"","overlay-opacity":"","overlay-gradient":""},"tablet":{"background-color":"","background-image":"","background-repeat":"repeat","background-position":"center center","background-size":"auto","background-attachment":"scroll","background-type":"","background-media":"","overlay-type":"","overlay-color":"","overlay-opacity":"","overlay-gradient":""},"mobile":{"background-color":"","background-image":"","background-repeat":"repeat","background-position":"center center","background-size":"auto","background-attachment":"scroll","background-type":"","background-media":"","overlay-type":"","overlay-color":"","overlay-opacity":"","overlay-gradient":""}},"ast-content-background-meta":{"desktop":{"background-color":"var(--ast-global-color-4)","background-image":"","background-repeat":"repeat","background-position":"center center","background-size":"auto","background-attachment":"scroll","background-type":"","background-media":"","overlay-type":"","overlay-color":"","overlay-opacity":"","overlay-gradient":""},"tablet":{"background-color":"var(--ast-global-color-4)","background-image":"","background-repeat":"repeat","background-position":"center center","background-size":"auto","background-attachment":"scroll","background-type":"","background-media":"","overlay-type":"","overlay-color":"","overlay-opacity":"","overlay-gradient":""},"mobile":{"background-color":"var(--ast-global-color-4)","background-image":"","background-repeat":"repeat","background-position":"center center","background-size":"auto","background-attachment":"scroll","background-type":"","background-media":"","overlay-type":"","overlay-color":"","overlay-opacity":"","overlay-gradient":""}},"footnotes":""},"class_list":["post-1477","page","type-page","status-publish","hentry"],"_links":{"self":[{"href":"https:\/\/iota-society.com\/index.php\/wp-json\/wp\/v2\/pages\/1477","targetHints":{"allow":["GET"]}}],"collection":[{"href":"https:\/\/iota-society.com\/index.php\/wp-json\/wp\/v2\/pages"}],"about":[{"href":"https:\/\/iota-society.com\/index.php\/wp-json\/wp\/v2\/types\/page"}],"author":[{"embeddable":true,"href":"https:\/\/iota-society.com\/index.php\/wp-json\/wp\/v2\/users\/1"}],"replies":[{"embeddable":true,"href":"https:\/\/iota-society.com\/index.php\/wp-json\/wp\/v2\/comments?post=1477"}],"version-history":[{"count":19,"href":"https:\/\/iota-society.com\/index.php\/wp-json\/wp\/v2\/pages\/1477\/revisions"}],"predecessor-version":[{"id":4360,"href":"https:\/\/iota-society.com\/index.php\/wp-json\/wp\/v2\/pages\/1477\/revisions\/4360"}],"wp:attachment":[{"href":"https:\/\/iota-society.com\/index.php\/wp-json\/wp\/v2\/media?parent=1477"}],"curies":[{"name":"wp","href":"https:\/\/api.w.org\/{rel}","templated":true}]}}